se 3*h + f*m + 9 = 0, 3*h - 3*m - 2*m = -30. Calculate t(h).
-9
Let q = 45 + -42. Let j(a) = -a**2 + 4. What is j(q)?
-5
Let a(f) be the third derivative of 0*f - 1/6*f**3 - 7/24*f**4 - 1/120*f**5 + 0 + 2*f**2. Let y(m) be the first derivative of a(m). Determine y(-6).
-1
Let w(m) = -6*m**2 - 3*m**3 - 1 + 4*m**3 + 2 + m. Let p be w(6). Let c(t) = t**2 - 8*t + 10. Calculate c(p).
3
Let b = 125 - 122. Let w(u) = u - 4. What is w(b)?
-1
Let j(o) be the second derivative of -7*o**6/720 + o**4/12 - 3*o. Let f(q) be the third derivative of j(q). What is f(1)?
-7
Let r(y) = -y**3 + y**2 + y + 5. Let h be r(0). Suppose v + 3*v - 4 = 0. Suppose p = v + h. Let t(l) = -l + 5. Calculate t(p).
-1
Suppose -3*h - 2 = 4*t + 9, -5*t - 19 = 2*h. Let b(r) = 2*r - 5. Calculate b(t).
-15
Let q(j) = j**2 - 2*j + 29 + 0*j - 36 + 4*j. Suppose -4 = z + 1, 0 = -5*l + 3*z - 10. Give q(l).
8
Let z(b) = b**2 + 9*b - 6. Let h(l) = l - 1. Let d(c) = -5*h(c) + z(c). Determine d(-4).
-1
Let q be 50/12 - (-3)/(-18). Let w(z) = -3*z + q*z - 4*z. Give w(2).
-6
Suppose -3*j - 1 = -7. Let o(g) = 3*g**2 + 3 - 4*g + 2*g - j. Let f = -7 - -8. Give o(f).
2
Let d(i) = 2*i - 15*i + 6*i + 1 + 6*i. Let x be ((6/(-1))/2)/1. Calculate d(x).
4
Let a(b) = b**3 + 5*b**2 + 4*b - 1. Let g be a(-3). Suppose 8 = -3*o - 0*n - g*n, 7 = -4*o - 3*n. Let q(k) = -4*k + 1. Calculate q(o).
5
Let t(w) = -w**3 + 6*w**2 - 3*w + 8. Suppose 0*h + 38 = 3*h - 5*o, 4*h + 4*o - 8 = 0. Calculate t(h).
-10
Suppose -p = 4*p - 45. Let i(g) = -g + 14. Let j be i(p). Let l be 1*(2 + -3) + j. Let k(c) = -c**2 + c + 5. Determine k(l).
-7
Let d = 5 - 3. Let u(w) = -4*w**2 + w**2 - w + w**3 - 4 + d*w**2. Let q = 1 - 1. Give u(q).
-4
Let i be 1*(0 + (8 - -3)). Let u(q) = -6*q - i*q + 2*q**2 + 5 + 9*q. What is u(5)?
15
Let x(l) = -l**2 + 4*l + 16. Let m be x(7). Let i be (-1 + -1)/(-2)*m. Let c(s) = -s + 2. Calculate c(i).
7
Let k(o) = 0 - 2 + 3 + 9*o. Let h(x) = -x + 1. Let g(s) = -2*h(s) + k(s). Let m = 4 + -3. Calculate g(m).
10
Let g(v) = -v**2 + 6*v - 5. Let d(s) = -s**3 + s**2 + 4*s + 3. Let a be d(-2). Suppose -a*w + 10 = -5*w. Give g(w).
0
Let b(o) be the second derivative of o**3/2 - o**2/2 - 7*o. What is b(-1)?
-4
Let r be 22/(-121) - 8*(-10)/(-44). Let g(t) be the second derivative of t**4/12 - 2*t**3/3 - 3*t**2/2 - t. Calculate g(r).
9
Let u(c) = -4*c**2 - 1 + 0*c - c + 2*c**2. Give u(-2).
-7
Suppose 0*r = -5*r + 15. Suppose -r*d + d = -8. Let m(h) be the first derivative of h**3/3 - 2*h**2 - 3*h - 11. Give m(d).
-3
Let j(b) be the second derivative of -b**8/6720 - b**7/1260 - b**6/360 - b**5/120 - b**4/12 - 2*b. Let m(n) be the third derivative of j(n). Determine m(-2).
3
Let t be (-52)/(-10) - (-4)/(-20). Suppose p = 1 - t. Let j(x) = -1 + 3*x**3 + 2*x + 0*x - 2*x**3 + 5*x**2. Determine j(p).
7
Suppose 0 = -48*k + 55*k + 21. Let b(a) = -a + 3. Calculate b(k).
6
Let g(c) be the first derivative of -2*c**2 - 4*c - 11. Give g(-3).
8
Let o(l) be the second derivative of -2*l**5/5 - l**4/12 + l**3/3 - l**2/2 + 9*l. Determine o(1).
-8
Let v(o) = -7*o - 5. Let g(q) = 20*q + 14. Let t(z) = -6*g(z) - 17*v(z). Calculate t(2).
-1
Let h be (5/20)/((-1)/(-8)). Let n = 4 - h. Let c be (-3 - (-4)/n) + 1. Let g(m) = m**2 - m + 11. Give g(c).
11
Let u(t) be the second derivative of -7*t**5/20 - t**3/6 - t. Let a(x) = -x**3 + x**2 + x. Let z(j) = j**2 + j + 1. Let l be z(-1). Let k be a(l). Give u(k).
-8
Let w(x) = -x**2 - 3*x + 6. Let c(t) = 1 - t**2 - 2 + 0*t**2. Let l be c(2). Give w(l).
-4
Suppose -f = 1 + 2, m + 5 = -3*f. Let r(p) = -p**3 + 2*p**2 + 7*p - 6. Give r(m).
-10
Let j(z) = -3*z. Let k(p) = 2*p - 1. Let h(v) = 4*j(v) + 5*k(v). Suppose -3 = 3*u - 4*t, 0 = -5*u - 5*t + 1 - 41. Let m be (-1 - -1) + 30/u. Calculate h(m).
7
Let x(k) = k**2 + 3*k - 2. Suppose -5*p - 5 = 15. Give x(p).
2
Let m = -8 + 12. Let z(u) = 2*u. Calculate z(m).
8
Let j = 17 + -17. Let t(z) = z + 7. Calculate t(j).
7
Suppose 2*i = -2*d + 3*d + 6, -2*i + 10 = d. Let a(p) = -1 - 2*p**2 - p + p + i*p. Let s = 4 + -1. Calculate a(s).
-7
Let z(o) = o - 28. Let a(j) be the first derivative of -j**2/2 + 19*j - 3. Let l(f) = -7*a(f) - 5*z(f). Give l(-5).
-3
Let d = 0 - -4. Suppose 4*b = -4*x, 2*x - 6 = -d*b + 2. Let n(y) = -y + 3. Determine n(b).
-1
Let k = 6 + -5. Let w be -3 - (k + -1)/(-2). Let z(y) = -y - 1. What is z(w)?
2
Let k be (-2)/((-3)/(6/2)). Let o(z) = 3*z**2 + 2*z**3 - 2*z**k - z**3 - 24 + z + 23. Calculate o(1).
2
Let k(c) = -c**3 + 3*c**2 + 3*c - 1. Let b be k(4). Let g(l) = l**2 + 4*l - 3. Let a(d) = -d**2 - 4*d + 4. Let u(o) = 4*a(o) + 5*g(o). Give u(b).
6
Let w(p) = 3*p - 2. Let g(c) = c + 1. Let u be g(-3). Let d = 4 + u. Calculate w(d).
4
Suppose 2 - 6 = -4*b, -2*t + 7 = -3*b. Let d(l) = 5 + 2*l - 5*l + 2*l. Calculate d(t).
0
Let l be 6/(-4) - (-108)/8. Suppose -2*t + l = -5*t. Let v(b) = -b**2 - 2*b + 2. Determine v(t).
-6
Let c(d) = -1 - 5*d + 4 + 11*d - 5*d. What is c(3)?
6
Let j(p) be the third derivative of -5*p**4/24 + p**3/3 - p**2. Let f = 10 - 8. Calculate j(f).
-8
Suppose -5*p + j - 9 = 7, 4*p - j = -13. Let t(x) = -6*x - 2 + x**2 - 2 + 8*x. Determine t(p).
-1
Let r(u) = 3*u**3 + 5*u**2 + 19. Let v(z) = 4*z**3 + 7*z**2 + 28. Let d(x) = 7*r(x) - 5*v(x). Give d(0).
-7
Let l(q) = -4*q + 2*q + 2 + q. Let i be l(-2). Let m(g) = -3*g**2 + 4 + g - 6 + 0 + i*g**2. Give m(2).
4
Let y = -3 - -5. Let b = 2 - y. Let k(d) be the third derivative of -d**6/120 - d**5/60 - d**4/24 - d**3/6 - 17*d**2. Give k(b).
-1
Let d(l) be the first derivative of 2*l**3/3 - 3*l**2/2 + 3*l - 1. Suppose 5*y - 13 = -3. Suppose -5*v = -y*v - 6. Determine d(v).
5
Let o(r) = 5 + 2*r - 1 - 3. Determine o(1).
3
Let b(a) = -3*a**3 + a**2 - 4*a + 4. Let u(l) = l**3 + l - 1. Let o(t) = -6*b(t) - 17*u(t). What is o(5)?
3
Let c(y) = -7*y**3 + 5*y**2 + 4*y + 13. Let h(o) = -o**3 + 1. Let x(t) = c(t) - 6*h(t). Calculate x(6).
-5
Let v(d) = -d**2 - 7*d - 2. Suppose -7*n + 5*n = 12. What is v(n)?
4
Let m(t) = -t**2 + 4*t - 2. Let x be m(4). Let l = -3 + x. Let i(s) = 2*s + 1. Let c(w) = -w - 1. Let n(h) = 3*c(h) + 2*i(h). Determine n(l).
-6
Let n(j) = -j**2 + 2*j + 2. Let y(h) = -4 - h**2 - 2 + 7*h + 2. Let u be y(6). Suppose -t = 1 + u. Determine n(t).
-13
Let u(n) = n**3 - n**2 + n - 1. Let f = -74 - -75. Give u(f).
0
Let q be 8 + -3 + 2/(-2). Let w(j) = 2*j**2 + 21*j - 20. Let y(d) = d**2 + 7*d - 7. Let r(u) = 3*w(u) - 8*y(u). Determine r(q).
-8
Let n = 49 - 53. Let s(v) = -v**2 - 3*v - 3. Give s(n).
-7
Let l(y) be the third derivative of -1/12*y**4 - 1/60*y**5 + y**2 - 1/6*y**3 + 0*y + 0 + 1/24*y**6. Suppose -5*j + 5 - 10 = 0. What is l(j)?
-5
Let m(b) = -1 + 4*b - 5*b**2 + 2*b**3 + 4*b**3 - 5*b**3. Suppose 3*p = -2*y + 5 + 5, 3*p - 12 = -3*y. Suppose -5 - 1 = -y*o. Give m(o).
-7
Let u(a) = -13*a - 19. Suppose 3 = -2*h - 5. Let n(q) = -6*q - 9. Let s(f) = h*u(f) + 9*n(f). Suppose -w = 2*w + 2*b + 22, -w - 2*b = 14. Determine s(w).
3
Let y(j) = 3*j**3 - 4*j - 4*j**3 - 4*j**2 - 1 - 1. Let g(a) = -a**2 - 9*a. Let p be g(-9). Let m = p + -2. Calculate y(m).
-2
Let o(s) = -s**3 + s**2 + 3*s - 2. Let g = 2 - -1. Let f be 4 - (0 - -6)/3. Suppose g*i - f*i = 2. What is o(i)?
0
Let z(d) = -d**2 - 482*d**3 - 4 - 5*d + 483*d**3 - 2*d**2 + 2. What is z(4)?
-6
Let t(j) = 3*j + 5. Suppose 0 = 3*s + 1 - 13. Suppose -h + 3*p - 33 = 2*h, -14 = -h - s*p. Calculate t(h).
-13
Let v(k) = k**3 + 8*k**2 + 7*k + 7. Suppose -5*u - 2*f = 41, 0 = -u - 0*u - 4*f - 19. Let i be u + 0*(-1)/4. Give v(i).
7
Let b be -5*(4 + 21/(-5)). Let o(k) = 3*k**3 - k**2. What is o(b)?
2
Let m(u) = -u**2 + 2*u - 3*u + 4*u + 2*u. Calculate m(4).
4
Let z be ((-15)/(-9) + -2)*-9. Let s(p) = 3 - 1 + 3*p + p**z + 3*p**2 + 2. Suppose 5*a + 4 = -11. Give s(a).
-5
Let m(q) be the first derivative of -q**5/60 - q**4/12 - q**3 - 5. Let u(w) be the third derivative of m(w). Give u(2).
-6
Let b(g) = -5*g**2 - 4*g - 8. Let l(r) = -r**2 - 1. Let o(y) = b(y) - 4*l(y). Let w = -12 + 7. What is o(w)?
-9
Let p = -4 - 1. Let i(q) = q**3 - 4*q**2 + 3*q - 5. Let o(h) = -2*h**3 + 4*h**2 - 2*h + 4. Let x(g) = -3*i(g) - 2*o(g). What is x(p)?
7
Suppose -6*j + 10*j = 8. Let r(n) = 4*n**2 + 15 - 16 - n**3 - n - 4*n**j. Determine r(0).
-1
Let z(p) = p**3 + 3*p**2 + 3*p + 3. Let d = 14 - 4. Suppose -5*o + 30 = -0*o - s, -d = 2*s. Supp